 value of 3 + -2 - (5 + -7)?
3
What is -6 + (-3 - -9 - 1)?
-1
Evaluate 9 + -3 + -4 + (-3 - 0).
-1
Calculate (26 - 23) + (-7 - (0 - 2)).
-2
Evaluate -1 + (4 - -2) + -8 + 6.
3
Calculate 16 + 1 + 9 + -24 + 8.
10
Calculate -1 + -6 - -10 - 7.
-4
Evaluate 9 - 4 - 7 - (-3 - 0).
1
Evaluate -3 + (4 - -5) + (0 - 3).
3
(-1 - -10) + -3 - (0 + 2)
4
What is -12 + 10 + 7 - 10?
-5
Calculate -1 + (16 - 20) + 1 + -2.
-6
3 - (0 + -1) - (2 - -1)
1
21 + (-45 - -21) - (-1 + 1)
-3
Evaluate 0 - -11 - (-6 - -9).
8
(-1 + 1 - (16 + -19)) + -2
1
Evaluate 1 + -4 + -4 + 3 + 9.
5
What is (-1 - -1) + -2 + 2 + 0?
0
Calculate -2 + 2 + -17 + 13.
-4
What is the value of 1 + 5 + 5 + -13 + 0?
-2
Evaluate -12 - (-10 + 7 - -1).
-10
What is (1 - 0) + -2 - (64 - 62)?
-3
What is the value of -3 + (2 - 0) + 6 + -1?
4
Calculate -1 - 4 - (12 + -21) - 6.
-2
Evaluate 2 + -1 + 3 - (8 - 6).
2
What is the value of (14 - 6) + -3 + -9?
-4
What is the value of 3 - (4 - ((-5 - -1) + 3))?
-2
What is 3 + -4 + 3 + -1 + -2?
-1
Evaluate -6 + (-87 - -92) + 0 + -1.
-2
Evaluate 2 - (1 + 8 + (-1 - 2)).
-4
What is 0 + (0 - (-10 + 3 + 1))?
6
-68 + 65 - (-1 + (2 - -4))
-8
Evaluate 5 - (2 + (11 - 7)).
-1
Evaluate (0 - 2 - -5) + -6.
-3
2 + (1 - (-4 - -3)) + -3
1
-2 - 9 - (-3 + -1 - 1)
-6
-2 + 0 + (12 - 8)
2
-4 - -1 - -14 - (10 + -5)
6
Calculate 9 + -7 - (-1 + 2 + -2).
3
What is 0 + 2 - (10 - -2 - 10)?
0
What is the value of -4 + -3 + 13 + -1?
5
Calculate 0 + (0 - -5 - (9 - 1)).
-3
-3 + 5 - 5 - (-2 - 1)
0
Calculate 1 + 8 + -6 - -1.
4
-2 + -2 - (1 + -5 + 3)
-3
What is the value of (13 + -7 - -1) + -9?
-2
What is the value of -1 + 1 + (1 - (0 + 3))?
-2
What is the value of (6 - (4 + -2)) + -3 + 2?
3
What is the value of -5 - (-4 + (-3 - (-9 - -1)))?
-6
Calculate -11 + (4 - 13) - -11.
-9
What is 80 + -80 + 2 + 5?
7
Calculate -1 + (-1 - -11) - (5 + -1).
5
Calculate -37 + 42 + -4 + 1.
2
Calculate 2 + -3 + 0 + 2 + 2.
3
What is the value of -5 - ((-2 + 3 - 1) + -9)?
4
Evaluate -4 - (-6 - (-6 - 1)).
-5
What is the value of -9 + 10 + -2 + -1?
-2
Evaluate (14 - 11) + (0 - 1) + -2.
0
Calculate 0 + -5 - (3 + -3 + -1).
-4
What is the value of -3 - 1 - (-8 - -2)?
2
Evaluate 1 + (-4 + 0 - -5).
2
What is -1 + (-8 - -2) - (-40 + 43)?
-10
Evaluate -1 - (0 + 2 + -2 + 2).
-3
Calculate 0 + -1 - (-6 + 5).
0
What is the value of (4 - 8) + -14 - -9?
-9
Calculate (11 + -7 - 9) + 9.
4
(-1 + 0 - (-8 + 4)) + -6
-3
What is the value of 7 + -1 + -3 + 7 + -6?
4
What is the value of -1 + (-1 + 4 - 2) + -3?
-3
What is (-14 - -11) + 9 - -2?
8
What is the value of 0 + 7 + (21 - 10) + -17?
1
Evaluate -10 - (-2 - (-11 + 10)).
-9
What is the value of 2 + -1 + (1 - 4)?
-2
What is the value of 4 + -1 - (2 - 4)?
5
Evaluate (0 - -8) + -8 - -7.
7
Calculate (8 - 4) + (1 - 3) - 4.
-2
Calculate -11 - -5 - 1 - (-5 + 0).
-2
What is the value of -5 - (-1 - 4 - (-4 - 4))?
-8
What is the value of (5 - 1) + 8 + -17 + 9?
4
Evaluate (0 + -11 - -20) + -9.
0
5 - -1 - 2 - -1
5
What is the value of -2 + 2 + -4 + (0 - -3)?
-1
Evaluate (-1 - 3) + -15 + 15.
-4
Calculate -6 + 2 + 11 + -2.
5
What is the value of -4 + 5 + (0 + 1 - 4)?
-2
Calculate 8 - -3 - (-3 - (-3 - 5)).
6
What is 3 + -7 + (-2 - -2)?
-4
What is 7 + 6 + -19 - -9?
3
What is 3 + (-1 - (-1 - (1 + -4)))?
0
Evaluate -4 - -10 - 10 - 0.
-4
What is -1 - -11 - (-4 - (-12 + 2))?
4
What is 4 - ((-6 - -7 - 1) + -4)?
8
(-5 - 0) + 2 + -2
-5
Evaluate -1 - (1 - 0 - (0 - -2)).
0
Evaluate 8 - (-7 - -11) - 9.
-5
What is the value of 1 - -9 - (15 - 10)?
5
(-8 + 14 - -4) + -8
2
1 + 1 - (-5 + 3 + 2)
2
Evaluate 0 + -4 - (-2 + -5).
3
10 + -3 + (-3 - (1 - 1))
4
Calculate -6 + (-3 - -2) - -3.
-4
What is the value of 2 + (-3 - (5 + -2))?
-4
What is the value of -2 + -1 - (-6 - -3)?
0
Evaluate -5 - -10 - (5 + -3 + 3).
0
What is -12 + (22 - 5 - 8)?
-3
Calculate 0 + 8 - (1 + 2 + 2).
3
(0 - -1) + -19 - (-342 + 334)
-10
Calculate -9 + 4 + 0 + 2.
-3
What is (-3 - -4) + -8 + 3?
-4
(-41 - -33) + 8 + -1 - -10
9
-1 - ((5 - (1 + 0)) + -10)
5
Calculate 7 + -15 + 5 + 1 + 0.
-2
What is the value of -11 + 19 - -3 - 17?
-6
What is 2 + 4 - 15 - (-1 - 4)?
-4
Calculate 2 + -8 + -2 - -17.
9
Evaluate 2 + -3 + (-4 - -3).
-2
What is the value of -4 + -1 + 12 + (-4 - -6)?
9
Evaluate 4 - (-4 + 10 + 4).
-6
-8 + 8 + (11 - 20)
-9
Calculate 7 - (4 + -3 + 1).
5
What is the value of 0 + 1 - (-7 + (-2 - -7))?
3
Evaluate -14 + 14 + -8 - -9.
1
Calculate (9 - 2) + -1 + -7.
-1
Calculate (0 - -3 - 0) + -1.
2
What is 3 - -5 - 3 - 8?
-3
(7 - (20 + -9)) + (0 - 1)
-5
Evaluate -2 + 8 + (-1 - 2) - 0.
3
What is the value of 2 + -8 + (12 - 16)?
-10
Calculate -20 + 13 - (-8 - 3).
4
What is the value of (4 - 14 - -6) + 0 + 5?
1
Evaluate (-4 + 6 - -5) + -8 + 8.
7
Evaluate 2 + 0 + -3 - (9 - 8).
-2
What is the value of -11 + 5 + (-3 - -3) - -13?
7
Calculate -7 + (1 + -1 - -8) - -8.
9
What is the value of -10 - -15 - (7 - 4)?
2
Evaluate -1 + (4 - -1) - 9.
-5
Evaluate 3 + -1 + -9 + (-5 - -7).
-5
(3 - 15) + 8 + 5
1
What is the value of (2 - 9) + (7 - 5 - 0)?
-5
Evaluate (1 - 5) + 0 + -2 + 4.
-2
3 + -2 + (0 - (8 - 3))
-4
Evaluate (-4 + 1 - -4) + 3.
4
Evaluate (4 - 6) + 1 - -4.
3
What is the value of -3 + 3 + (1 - 2)?
-1
-6 + -2 - -4 - -9
5
Evaluate (1 + 7 + -1 - 7) + -3.
-3
What is -8 + (8 - 8 - -1)?
-7
Evaluate 3 + -2 - (5 - 2) - 1.
-3
Evaluate -5 + 4 - (-5 - -4).
0
What is 9 + (9 - 1) + -22?
-5
(-8 - -2) + 4 + -4
-6
What is 2 + (12 - 7) + -2?
5
(-4 - -7) + 0 + (-2 - 2)
-1
What is the value of 9 - 5 - (-2 + 6)?
0
Evaluate 0 - (-6 + 4) - (-2 + 0).
4
Evaluate -9 + -2 + 14 + -6.
-3
(11 - 14 - (1 + -4)) + -3
-3
Evaluate 1 - ((-2 - -4) + (0 - 3)).
2
What is the value of 3 + 0 - (3 + 2)?
-2
What is the value of 10 - (4 + -9 + 0 + 11)?
4
What is 0 - (-10 + 1 + 18)?
-9
Evaluate 0 - (-3 - 2) - -1.
6
12 + (0 - (-1 - (6 - 13)))
6
Evaluate 2 + (-1 - -1) - -3.
5
Evaluate 0 - (11 + 1) - (0 + -6).
-6
3 - (-1 - (-4 - (0 - -2)))
-2
Evaluate (0 - 1) + (9 + 1 - 6).
3
What is -12 - (1 - 3) - -4?
-6
43 + -54 - (0 + -4)
-7
1 + (-4 + 4 - 2)
-1
0 + 10 + -6 + -2 + -6
-4
7 + 18 + -23 - (3 - 0)
-1
Calculate 11 + -3 - (13 - 1).
-4
What is the value of -4 + 4 + 4 - 1?
3
What is 6 - -3 - (4 + 1)?
4
What is 3 + (-3 - 2) + -1?
-3
Calculate 10 - (1 - -3) - 7.
-1
10 - (17 + -7 + -7)
7
(-1 - -14) + -26 + (16 - -5)
8
What is the value of -4 + (3 - 0) + 2 + -2?
-1
Calculate (5 - 4) + -7 + -3.
-9
What is the value of 7 + -1 - (-23 + 23) - 6?
0
What is the value of -6 - (6 - 11) - -4?
3
What is (0 - ((-4 - -4) + 0)) + -2?
-2
Evaluate 4 - (0 - (-2 - -1)).
3
What is the value of -6 - -1 - (1 - 4)?
-2
What is 0 + (-1 + 3 - 3) - 1?
-2
Calculate 3 + 0 - (4 + -2) - 0.
1
What is 6 - (9 + 2) - 0?
-5
What is the value of -2 - (-6 + (-5 - -7))?
2
What is the value of 33 + -36 + -2 + 1?
-4
Calculate -5 - (1 - 2) - (-8 + 0).
4
Evaluate (-6 - 3) + 6 + 6.
3
What is -2 - (-10 - -4) - 4?
0
What is the value of -10 + 13 + (1 - (3 + -5))?
6
What is the value of 0 + -2 + (-8 - (13 - 20))?
-3
Calculate 5 - 1 - (23 - 18).
-1
Calculate (0 + -2 - (-21 - -18)) + -2.
-1
Calculate -1 + (-10 - -5) + 9.
3
Calculate -1 + 4 + (1 - 4) + -5.
-5
What is the value of -13 + 0 + (-39 - -52)?
0
-3 + (6 - (-6 + 12))
-3
What is the value of -2 + -1 - (2 + 4 - 13)?
4
Evaluate 9 - (9 + -7 + -3).
10
Evaluate 4 - -1 - 5 - 2.
-2
Calculate -10 + 7 + (0 + 0 - 2).
-5
Evaluate 0 + -5 + (-11 - (-15 + 4)).
-5
Calculate (-28 + 34 - (2 - 0)) + -9.
-5
Calculate 2 + (4 - (2 + 1 - 2)).
5
What is 3 - ((0 - -2) + -3)?
4
What is (0 - 3) + 4 + -4?
-3
-2 + 1 + (-6 - -11) + -1
3
-2 - (0 + (4 - 9))
3
13 + 5 + (-13 + -2 - -5)
8
Evaluate -2 + -4 + (6 - 3) + 3.
0
What is -6 - -4 - (0 + -2)?
0
Evaluate (1 - 6 - (-5 + 1)) + 2.
1
What is the value of 3 - -11 - (1 - -8)?
5
(-9 - -2) + 2 - (-2 + -1)
-2
What is the value of -2 + (-5 - -5) + 0?
-2
What is 1 + (3 - 2 - (-9 - -12))?
-1
Evaluate 3 + 1 + (30 - 37).
-3
-1 + 9 + (-3 - 0)
5
3 - (10 - 5) - (3 - -2)
-7
What is the value of (0 - -5 - (4 - 1)) + 0?
2
What is the value of 1 + -9 + (-9 - -12)?
-5
Evaluate 0 - (10 + -1 + -1).
-8
Calculate -11 + (7 - (-10 + 12)).
-6
What is the value of -4 + -3 + 6 - 3?
-4
What is the value of 7 - -6 - (8 - -5)?
0
What is the value of -11 + 8 - (-8 + 3 - -5)?
-3
What is -2 - -3 - -5 - 10?
-4
Calculate 12 + -6 + -7 - 2.
-3
What is -9 - -12 - (-1 - -3)?
1
Calculate (-3 - -3) + 2 + 10 + -13.
-1
Calculate -1